is -406246131 - -13?
-406246115
In base 15, what is 5 - 72ce788?
-72ce783
In base 13, what is -2a + 23a85c?
23a832
In base 7, what is 14400 - 1224?
13143
In base 16, what is -12 - -10ddbe?
10ddac
In base 14, what is -4 + -a9c4130?
-a9c4134
In base 14, what is 5820 - -53c?
5d5c
In base 4, what is -1303332200 - -1?
-1303332133
In base 7, what is -1644244 + -125?
-1644402
In base 4, what is 10 + -100223013110302?
-100223013110232
In base 8, what is 62 - -775520?
775602
In base 11, what is 25 - -180431?
180456
In base 6, what is -522451 - -532?
-521515
In base 4, what is -331303333 + -1?
-331310000
In base 4, what is 32 - -1311022101030?
1311022101122
In base 5, what is 11433212104 - -11?
11433212120
In base 16, what is 407d2 + -24?
407ae
In base 15, what is 5 - -3cbbb?
3cbc1
In base 7, what is 2105155 - 641?
2104214
In base 12, what is 3 + -a573952?
-a57394b
In base 8, what is 47 + -545614?
-545545
In base 4, what is 11000313 - -1023300?
12030213
In base 9, what is -31773 - -367?
-31405
In base 6, what is -535001 + -214?
-535215
In base 3, what is 1100 + -1011220001002?
-1011212222202
In base 3, what is -12100000222222012 + 11?
-12100000222222001
In base 6, what is 313034 + 21040?
334114
In base 9, what is 3 - -51474521?
51474524
In base 15, what is 89408 - -e3?
894eb
In base 2, what is 100010 - 1001011000111101000?
-1001011000111000110
In base 11, what is -624141 - 9a3?
-625034
In base 3, what is 121 - -101221201000?
101221201121
In base 6, what is -12314 - 30315?
-43033
In base 3, what is 1202010 - 10000112?
-1021102
In base 3, what is 1001100202000 - -1022202?
1001102001202
In base 11, what is 22 + 44a80?
44aa2
In base 14, what is 507c - -62?
5100
In base 6, what is -51 - -30404152?
30404101
In base 8, what is 4 - 40762045?
-40762041
In base 10, what is -145079763 + -1?
-145079764
In base 6, what is -3 - -4400415421?
4400415414
In base 3, what is 1012 - -210120121122?
210120122211
In base 5, what is -22 + 20343103421?
20343103344
In base 14, what is -13db6c - 15?
-13db83
In base 4, what is -332232 - 2103210?
-3102102
In base 8, what is 7760 + 532573?
542553
In base 7, what is 2 + 151205525?
151205530
In base 4, what is -10123 - -211023131?
211013002
In base 8, what is 0 + 34602370?
34602370
In base 2, what is 1000110011 - 11000101011100100?
-11000100010110001
In base 16, what is 4e31 - -d7b?
5bac
In base 10, what is 1162130 - 266?
1161864
In base 8, what is -424 - 3453?
-4077
In base 8, what is 115 + -27655002?
-27654665
In base 8, what is 3 + -1667656665?
-1667656662
In base 9, what is 71673 + -1154?
70518
In base 5, what is -2 + 1334132333?
1334132331
In base 12, what is -5 - 580703?
-580708
In base 5, what is -10313 + 121113110?
121102242
In base 8, what is -6515 + -4512?
-13227
In base 16, what is 3997 + -1225?
2772
In base 3, what is -10000221220122010 - 11?
-10000221220122021
In base 11, what is -43013077 - 5?
-43013081
In base 10, what is -1266 + 5818?
4552
In base 13, what is -3476781 + 2?
-347677c
In base 5, what is -12102441 - -112?
-12102324
In base 11, what is 27560 - -1163?
28713
In base 14, what is 17b + 25ca?
2767
In base 6, what is 154 - -30122143?
30122341
In base 14, what is a32d - -cd?
a41c
In base 7, what is 616164341 + 0?
616164341
In base 5, what is -103122104 - -1400?
-103120204
In base 11, what is 42 - -161372?
161404
In base 4, what is -22011112 - 10103?
-22021221
In base 11, what is 674587 + 559?
675035
In base 6, what is 4 + 120311012?
120311020
In base 13, what is 12ac02b5 - -2?
12ac02b7
In base 3, what is 10 + 10011211101201112?
10011211101201122
In base 3, what is 100 - 10100221010101?
-10100221010001
In base 2, what is -100101010110111001111110001 + 1?
-100101010110111001111110000
In base 9, what is -35215516 - -3?
-35215513
In base 13, what is 1206129 - 1?
1206128
In base 10, what is 33094 - -142?
33236
In base 6, what is 2 + -1545300234?
-1545300232
In base 6, what is 21 + -304040225?
-304040204
In base 12, what is 2b86 - 26b64?
-23b9a
In base 16, what is -13a1 + -174b0?
-18851
In base 4, what is -20002012 - -303313?
-13032033
In base 7, what is 206 - 1542363?
-1542154
In base 12, what is -2455 - -a19a?
7945
In base 7, what is 123265235 + 3?
123265241
In base 5, what is 1111 + -332042?
-330431
In base 7, what is 5436 - 10446?
-2010
In base 11, what is 618424 + -95?
61833a
In base 9, what is -247514 + 42?
-247462
In base 9, what is -2 - -112336235?
112336233
In base 11, what is 26 + -19568?
-19542
In base 2, what is -10111100011101001011000000 + 1001?
-10111100011101001010110111
In base 4, what is 13010032233 - -11?
13010032310
In base 10, what is -8248994 - 4?
-8248998
In base 13, what is -4b869b2 + -4?
-4b869b6
In base 3, what is 22202021120 + 2022?
22202100212
In base 7, what is -31045305 + -1?
-31045306
In base 5, what is 14120032142 - 3?
14120032134
In base 10, what is 2104 - -33351?
35455
In base 2, what is -100001011001 + 1010001001000?
101111101111
In base 3, what is -10022100111212 - 2?
-10022100111221
In base 8, what is -260365 - -340?
-260025
In base 8, what is -6331573 + 3?
-6331570
In base 15, what is 11 + 435c61?
435c72
In base 13, what is 58b9 + 1b?
5907
In base 14, what is 230c28 + -4a?
230bbc
In base 10, what is -7 - -3432079?
3432072
In base 10, what is 24 - -815076?
815100
In base 15, what is 4 + 144648b8?
144648bc
In base 12, what is -43 - -63297?
63254
In base 3, what is 210 + 112100112012200?
112100112020110
In base 11, what is -6 + -23aa854?
-23aa85a
In base 11, what is -2524 - 1386?
-38aa
In base 14, what is -73 - -c6dd?
c66a
In base 7, what is 366300 + 626?
400226
In base 16, what is 14775 + 51?
147c6
In base 15, what is 10b868b + -3?
10b8688
In base 16, what is 109 - -2eb0?
2fb9
In base 3, what is -22022212012021010 - 12?
-22022212012021022
In base 9, what is 4 + 62123253?
62123257
In base 10, what is 459 + -13670?
-13211
In base 14, what is -3 - -134d37a?
134d377
In base 15, what is -25 - a465d?
-a4683
In base 16, what is -51cf1 - -541?
-517b0
In base 8, what is 646 + -6045666?
-6045020
In base 12, what is -3 + -1a436b9?
-1a43700
In base 2, what is -10100101 - 1001110010111010001?
-1001110011001110110
In base 9, what is 8346283 + 4?
8346287
In base 9, what is 8766 + -762?
8004
In base 14, what is 83 - -22ccd?
22d72
In base 9, what is 334130310 + -5?
334130304
In base 5, what is -33003103 + -233?
-33003341
In base 11, what is 9735626 - 3?
9735623
In base 12, what is 120410b19 - -5?
120410b22
In base 11, what is -2089 - 1506?
-3594
In base 5, what is 204 - 12123314033?
-12123313324
In base 7, what is -1 - -14251123?
14251122
In base 16, what is 487269 + 4?
48726d
In base 2, what is -100111010100101100101010 - -111?
-100111010100101100100011
In base 3, what is -1120202221021 - 2002?
-1120210000100
In base 9, what is -183648671 - 3?
-183648674
In base 15, what is -c43 + 24b34?
23de1
In base 6, what is 4025513325 - 4?
4025513321
In base 14, what is -1a947 - -5a?
-1a8cb
In base 8, what is 23044 + 7?
23053
In base 4, what is -211033102 + -1010003?
-212103111
In base 5, what is 1123 + -41030413?
-41024240
In base 15, what is -6736 + -20ee?
-8835
In base 7, what is -466350104 + -1?
-466350105
In base 6, what is 0 + 30034005315?
30034005315
In base 8, what is 233664 - 730?
232734
In base 6, what is 24 + 451000?
451024
In base 6, what is 12412 + 351415?
404231
In base 3, what is 11010201 - 200221010?
-112210102
In base 15, what is -64ec + 20a?
-62e2
In base 16, what is 75c0 + -519?
70a7
In base 11, what is -5586 - 2886?
-8361
In base 10, what is 108 - 28968?
-28860
In base 7, what is -104104 + 3240?
-100534
In base 11, what is -85 - 504a11?
-504a96
In base 8, what is 2043 - -57213?
61256
In base 16, what is -56a914 - 2?
-56a916
In base 3, what is 120121 - 12102120121?
-12102000000
In base 15, what is -5b7767e - 2?
-5b77681
In base 12, what is 2ba - 137b?
-1081
In base 10, what is 4 + 608944?
608948
In base 7, what is -13 + -15145026?
-15145042
In base 4, what is -3 + 30230111022033?
30230111022030
In base 6, what is -3 - -325413413?
325413410
In base 8, what is -3 + -100014667?
-100014672
In base 12, what is -1 + 38a28384?
38a28383
In base 10, what is -11311110 - -2?
-11311108
In base 9, what is -4681218 + 10?
-4681208
In base 8, what is -565621301 - -1?
-565621300
In base 5, what is -303021